4).
-254
Let l(r) = -14*r + 63. Determine l(-4).
119
Let u(k) = -281*k - 4797. Give u(-17).
-20
Let d(p) = p**3 + 2*p**2 + 5*p + 3. Calculate d(0).
3
Let s(j) = -146*j + 4083. What is s(28)?
-5
Let i(b) = -122*b - 5949. Give i(-49).
29
Let s(u) = 2*u**3 - 39*u**2 + 81*u + 63. Determine s(17).
-5
Let g(k) = k**3 + 19*k**2 + 73*k + 45. What is g(-4)?
-7
Let i(t) = t**2 + 107*t + 2628. Calculate i(-69).
6
Let n(j) = -j**2 - 48*j + 2561. Determine n(32).
1
Let h(j) = 48*j - 733. Calculate h(16).
35
Let s(u) = 2*u**2 - 33*u + 9. Give s(0).
9
Let v(n) = -n**3 - 15*n**2 - 18*n + 94. Determine v(-13).
-10
Let f(d) = d**2 + 84*d - 100. Calculate f(-83).
-183
Let x(h) = -9*h**2 + 64*h + 1. Calculate x(2).
93
Let q(h) = 33*h - 3595. What is q(109)?
2
Let g(p) = 85*p**3 + p**2 - 3*p + 2. What is g(1)?
85
Let k(b) = 22*b**2 + 266*b + 22. Calculate k(-12).
-2
Let a(x) = 2*x - 1. Give a(-13).
-27
Let i(r) = -14*r - 1589. Determine i(-114).
7
Let y(z) = 16*z - 192. Determine y(10).
-32
Let d(y) = 750*y + 6008. Give d(-8).
8
Let n(d) = d**2 + 31*d + 86. What is n(-32)?
118
Let x(v) = -2563*v + 28201. Determine x(11).
8
Let p(g) = -76*g - 407. Calculate p(-6).
49
Let x(z) = -14*z - 158. Give x(-6).
-74
Let n(y) = -y**2 - 65*y + 352. Calculate n(-70).
2
Let n(i) = -i**3 + 80*i**2 + 84*i - 311. Give n(81).
-68
Let t(m) = m**3 + 14*m**2 - 99*m + 425. Give t(-20).
5
Let f(h) = -h**2 - 132*h + 538. Calculate f(4).
-6
Let d(a) = a**2 + 3*a - 4. Determine d(-8).
36
Let x(n) = 490*n + 10786. Determine x(-22).
6
Let f(c) = -28*c**2 - 501*c + 47. Calculate f(-18).
-7
Let v(k) = -47*k**3 - 2*k**2 + 7*k - 5. What is v(1)?
-47
Let m(v) = -v**3 - 12*v**2 + 58*v + 194. Calculate m(-15).
-1
Let b(l) = l**3 - 27*l**2 - 25*l - 134. Give b(28).
-50
Let x(r) = -r**3 + 86*r**2 - 371*r - 2694. Determine x(81).
60
Let m(c) = 2*c**2 - 3*c - 20. Determine m(8).
84
Let i(y) = 97*y**3 + 3*y - 4. Calculate i(1).
96
Let u(o) = -57*o - 221. Give u(-4).
7
Let v(m) = m**3 - 7*m**2 + 28. What is v(10)?
328
Let m(k) = 178*k - 401. What is m(4)?
311
Let f(s) = s**2 - 99*s + 1009. Give f(12).
-35
Let l(s) = s**2 - 29*s + 194. Determine l(12).
-10
Let y(i) = -i**3 - 13*i**2 - 14*i + 82. Determine y(-10).
-78
Let v(f) = 380*f - 9910. Give v(26).
-30
Let s(w) = 186*w + 1724. Give s(-9).
50
Let j(q) = 206*q + 1851. Determine j(-9).
-3
Let p(u) = -139*u + 27. Calculate p(2).
-251
Let u(r) = -33*r - 80. Give u(-4).
52
Let d(q) = -q**2 + 33*q - 19. What is d(32)?
13
Let j(s) = 3*s**2 + 4557*s - 9126. Give j(2).
0
Let z(i) = -25*i - 126. What is z(-8)?
74
Let v(u) = u**3 - 33*u**2 + 230*u - 325. Give v(24).
11
Let l(d) = d**3 - 18*d**2 - 129*d - 11. Determine l(-6).
-101
Let g(p) = p**2 - 3*p - 5. Calculate g(-7).
65
Let t(i) = -29*i - 701. What is t(-25)?
24
Let m(z) = 9*z**2 + 75*z + 53. Determine m(-7).
-31
Let t(q) = 22*q**3 + 5*q**2 - q - 4. Calculate t(-2).
-158
Let c(m) = -12*m**3 + 12*m**2 + 5*m - 10. Calculate c(3).
-211
Let p(w) = w**3 + 9*w**2 - 22*w + 8. Calculate p(-11).
8
Let r(o) = -151*o - 2261. Give r(-15).
4
Let z(v) = 3*v**3 + 45*v**2 - 127*v + 21. Determine z(-17).
446
Let x(j) = -14*j**3 + 190*j**2 - 107*j + 41. What is x(13)?
2
Let r(v) = -262*v + 5492. Determine r(21).
-10
Let i(g) = -g**3 + 33*g**2 + 70*g - 29. Determine i(35).
-29
Let j(g) = 3*g**3 - 501*g**2 - 42*g + 7010. Determine j(167).
-4
Let h(w) = w**3 - 18*w**2 - 32*w - 195. Determine h(21).
456
Let i(k) = k**2 + 2*k + 139. Calculate i(-13).
282
Let p(o) = 1127*o + 10242. Calculate p(-9).
99
Let o(b) = -41*b - 281. Give o(0).
-281
Let w(k) = -k**2 + 4*k - 15. Calculate w(15).
-180
Let b(l) = 2*l**2 - 15*l - 29. Determine b(-2).
9
Let a(i) = -19*i + 129. Determine a(6).
15
Let j(c) = 460*c**2 + 2759*c - 12. Give j(-6).
-6
Let k(m) = m**2 + 24*m + 104. Determine k(-14).
-36
Let b(a) = a**3 + 100*a**2 + 59*a + 5906. Determine b(-100).
6
Let o(k) = k**3 - 9*k**2 - 21*k - 12. What is o(10)?
-122
Let h(t) = -t**3 + 21*t**2 - 104*t - 43. Give h(9).
-7
Let q(y) = 19*y**2 + 498*y - 2957. Determine q(5).
8
Let h(y) = y**3 + 14*y**2 - 22*y - 5. Determine h(-15).
100
Let k(i) = i**3 - i**2 - 23*i - 14. What is k(-7)?
-245
Let j(n) = -43*n**3 + 3*n**2 + 48*n + 89. Determine j(-2).
349
Let r(v) = -12*v**3 + 98*v**2 - 19*v + 3. Determine r(8).
-21
Let k(i) = 134*i + 295. What is k(-3)?
-107
Let y(u) = -3*u**3 - 46*u**2 - 168*u - 47. Give y(-10).
33
Let r(n) = 40*n + 419. Give r(-11).
-21
Let h(a) = 107*a**3 - 5*a**2 - 5*a. Calculate h(-1).
-107
Let w(u) = u**2 - 36*u - 385. Determine w(-8).
-33
Let r(n) = -2*n**3 - 45*n**2 + 17*n - 152. What is r(-23)?
-14
Let x(u) = -2*u**2 + 24*u - 43. Give x(10).
-3
Let d(s) = s**3 - 18*s**2 - 10*s - 10. Determine d(18).
-190
Let v(t) = -79*t + 115. Determine v(3).
-122
Let v(x) = -x**3 + 54*x**2 - 104*x - 56. What is v(52)?
-56
Let o(i) = -102*i - 4078. What is o(-40)?
2
Let f(v) = -4*v**2 + 110*v - 713. Determine f(9).
-47
Let d(i) = i**3 + 40*i**2 - 13*i - 191. Give d(-40).
329
Let q(z) = -z**3 - z**2 + 2*z - 6. What is q(6)?
-246
Let h(o) = -o**2 + 34*o + 132. What is h(35)?
97
Let g(n) = 2*n**3 + 9*n**2 + 7*n - 21. Give g(-6).
-171
Let a(m) = m - 59. Give a(28).
-31
Let p(l) = 22961*l - 5. Calculate p(0).
-5
Let t(x) = -18*x**2 - 341*x + 32. Give t(-19).
13
Let c(p) = -2*p**3 - 9*p**2 + 95*p - 84. Give c(1).
0
Let w(k) = k**2 - 7*k - 27. Calculate w(12).
33
Let d(k) = 53*k + 665. Calculate d(-12).
29
Let r(f) = -9*f**2 + 70*f - 48. Calculate r(8).
-64
Let o(k) = -6*k**2 - 299*k + 368. Determine o(-51).
11
Let x(w) = -2*w**2 + 86*w - 212. Calculate x(41).
-48
Let n(g) = -17*g + 858. Determine n(50).
8
Let x(w) = 3*w**3 + 17*w**2 - 35*w - 56. What is x(-7)?
-7
Let u(r) = 27*r + 176. What is u(-6)?
14
Let v(h) = 30*h + 493. Calculate v(-18).
-47
Let g(x) = -101*x + 10910. Give g(108).
2
Let n(t) = 3*t**2 + 145*t - 671. Give n(-53).
71
Let m(o) = o**3 - 6*o**2 - 31*o + 179. Determine m(7).
11
Let d(l) = 28*l + 34. Calculate d(0).
34
Let x(b) = 2*b**3 + 28*b**2 + 5*b + 176. Give x(-14).
106
Let j(a) = -50*a + 52. Calculate j(2).
-48
Let t(j) = 2*j**2 - 78*j + 739. Determine t(22).
-9
Let k(o) = 31*o - 595. Determine k(21).
56
Let f(x) = -3*x**2 - 26*x + 69. Determine f(2).
5
Let y(f) = -137*f - 15066. Give y(-110).
4
Let l(y) = y**3 - 144*y**2 + 420*y + 441. Calculate l(141).
18
Let y(m) = -m**3 + 5*m**2 + 54*m - 6. What is y(11)?
-138
Let o(h) = 7*h**3 - 4*h + 8. Give o(-3).
-169
Let o(b) = 34*b**3 + 5*b**2 + 19*b + 28. Determine o(-2).
-262
Let r(y) = -205*y - 14393. Give r(-70).
-43
Let x(u) = -u**3 + 31*u**2 - 182*u + 11. Calculate x(8).
27
Let q(o) = o**3 - 12*o**2 + 51. What is q(9)?
-192
Let b(p) = 28*p + 3635. Give b(-110).
555
Let k(y) = y**3 - 11*y**2 - 26*y - 3. Give k(13).
-3
Let g(v) = -4*v**2 - 96*v - 57. Give g(-23).
35
Let r(j) = -j**3 - 13*j**2 + 51*j - 67. Give r(-16).
-115
Let h(w) = -5*w**3 - 6*w + 4. What is h(-3)?
157
Let w(d) = -5*d - 141. Determine w(-23).
-26
Let b(l) = l**2 + 1842*l + 25605. Determine b(-14).
13
Let a(v) = v**3 - 76*v**2 + 81*v - 440. Calculate a(75).
10
Let u(q) = q**3 - 24*q**2 + 24*q + 2. What is u(23)?
25
Let s(v) = -v**3 + 17*v**2 - 63*v + 144. Calculate s(12).
108
Let d(w) = -156*w + 5445. Determine d(35).
-15
Let n(h) = -2*h**2 + 94*h + 248. What is n(49)?
52
Let p(i) = i**3 - 92*i**2 - 190*i + 155. What is p(94)?
-33
Let a(h) = -h - 96. Calculate a(-9).
-87
Let w(o) = -2*o**3 + 8*o**2 + 30*o - 65. Give w(2).
11
Let w(z) = -z**2 + 19*z + 176. Calculate w(30).
-154
Let r(b) = 99*b - 499. Determine r(5).
-4
Let o(x) = -2*x**2 - 5. Determine o(8).
-133
Let b(a) = -3*a - 11. Calculate b(0).
-11
Let n(i) = -13*i + 264. Calculate n(20).
4
Let k(b) = 530*b - 48747. What is k(92)?
13
Let t(a) = -2*a**3 + 15*a**2 - 5*a + 12. What is t(8)?
-92
Let g(p) = -p**3 - 9*p**2 + 19*p + 60. Calculate g(-10).
-30
Let l(j) = 14*j - 285. Calculate l(11).
-131
Let m(r) = -5146*r - 25726. Give m(-5).
4
Let i(c) = -18*c**3 - 2*c**2 + 3*c - 3. What is i(1)?
-20
Let b(l) = l**3 - 13*l**2 - 1304*l - 414. Calculate b(-30).
6
Let v(d) = d**2 + 91*d + 755. What is v(-82)?
17
Let y(p) = 464*p + 4246. Calculate y(-9).
70
Let g(r) = 4*r**3 - 46*r**2 + 15. Determine g(11).
-227
Let t(a) = -296*a - 11358. Give t(-38).
-110
Let r(u) = -2*u**3 - 7*u**2 + 12*u + 15. What is r(-4)?
-1